{"id":2020,"date":"2014-04-24T16:42:37","date_gmt":"2014-04-24T14:42:37","guid":{"rendered":"https:\/\/blomberg.sawah.mobi\/?page_id=2020"},"modified":"2014-06-05T18:47:32","modified_gmt":"2014-06-05T16:47:32","slug":"foerderer-und-partner","status":"publish","type":"page","link":"https:\/\/blomberg.sawah.mobi\/?page_id=2020","title":{"rendered":"F\u00f6rderer und Partner"},"content":{"rendered":"<p>Partnerprojekte der GPS-Erlebnisregion bieten weitere interaktive Einblicke in die regionale Natur und Kultur.<\/p>\n<p>Im Kreis H\u00f6xter k\u00f6nnen Sie das europ\u00e4ische Naturerbe, die Erlesene Natur besuchen.<\/p>\n<p>An den Externsteinen erwarten Sie mehrsprachige Naturerlebnispfade.<\/p>\n<p>Im Sultanat Oman k\u00f6nnen Sie die geologischen Besonderheiten in der Region um die Hauptstadt Maskat entdecken.<\/p>","protected":false},"excerpt":{"rendered":"<p>Partnerprojekte der GPS-Erlebnisregion bieten weitere interaktive Einblicke in die regionale Natur und Kultur. Im Kreis H\u00f6xter k\u00f6nnen Sie das europ\u00e4ische Naturerbe, die Erlesene Natur besuchen. An den Externsteinen erwarten Sie mehrsprachige Naturerlebnispfade. Im Sultanat Oman k\u00f6nnen Sie die geologischen Besonderheiten in der Region um die Hauptstadt Maskat entdecken.<\/p>\n","protected":false},"author":1,"featured_media":0,"parent":0,"menu_order":0,"comment_status":"open","ping_status":"open","template":"","meta":{"ngg_post_thumbnail":0},"_links":{"self":[{"href":"https:\/\/blomberg.sawah.mobi\/index.php?rest_route=\/wp\/v2\/pages\/2020"}],"collection":[{"href":"https:\/\/blomberg.sawah.mobi\/index.php?rest_route=\/wp\/v2\/pages"}],"about":[{"href":"https:\/\/blomberg.sawah.mobi\/index.php?rest_route=\/wp\/v2\/types\/page"}],"author":[{"embeddable":true,"href":"https:\/\/blomberg.sawah.mobi\/index.php?rest_route=\/wp\/v2\/users\/1"}],"replies":[{"embeddable":true,"href":"https:\/\/blomberg.sawah.mobi\/index.php?rest_route=%2Fwp%2Fv2%2Fcomments&post=2020"}],"version-history":[{"count":4,"href":"https:\/\/blomberg.sawah.mobi\/index.php?rest_route=\/wp\/v2\/pages\/2020\/revisions"}],"predecessor-version":[{"id":2112,"href":"https:\/\/blomberg.sawah.mobi\/index.php?rest_route=\/wp\/v2\/pages\/2020\/revisions\/2112"}],"wp:attachment":[{"href":"https:\/\/blomberg.sawah.mobi\/index.php?rest_route=%2Fwp%2Fv2%2Fmedia&parent=2020"}],"curies":[{"name":"wp","href":"https:\/\/api.w.org\/{rel}","templated":true}]}}